9?
9
What is the tens digit of 887?
8
What is the hundreds digit of 123578?
5
What is the ten thousands digit of 132399?
3
What is the thousands digit of 2974?
2
What is the units digit of 3058?
8
What is the units digit of 904?
4
What is the hundreds digit of 619?
6
What is the units digit of 7716?
6
What is the tens digit of 21007?
0
What is the tens digit of 7056?
5
What is the units digit of 2618?
8
What is the units digit of 4020?
0
What is the thousands digit of 7249?
7
What is the thousands digit of 1223?
1
What is the tens digit of 1648?
4
What is the tens digit of 13767?
6
What is the units digit of 17765?
5
What is the thousands digit of 61199?
1
What is the ten thousands digit of 44769?
4
What is the hundreds digit of 43151?
1
What is the thousands digit of 7009?
7
What is the units digit of 911?
1
What is the tens digit of 24722?
2
What is the units digit of 269?
9
What is the hundreds digit of 10724?
7
What is the tens digit of 6938?
3
What is the thousands digit of 45452?
5
What is the units digit of 4343?
3
What is the hundreds digit of 767?
7
What is the units digit of 1060?
0
What is the units digit of 1712?
2
What is the units digit of 4044?
4
What is the units digit of 61573?
3
What is the tens digit of 869?
6
What is the tens digit of 1886?
8
What is the hundreds digit of 43608?
6
What is the ten thousands digit of 54066?
5
What is the tens digit of 7877?
7
What is the units digit of 677?
7
What is the ten thousands digit of 11204?
1
What is the thousands digit of 24227?
4
What is the units digit of 16077?
7
What is the tens digit of 1411?
1
What is the tens digit of 11134?
3
What is the tens digit of 2221?
2
What is the thousands digit of 10628?
0
What is the tens digit of 560?
6
What is the tens digit of 49439?
3
What is the thousands digit of 1268?
1
What is the tens digit of 65245?
4
What is the tens digit of 5144?
4
What is the tens digit of 736?
3
What is the ten thousands digit of 20895?
2
What is the thousands digit of 4881?
4
What is the tens digit of 591?
9
What is the ten thousands digit of 11142?
1
What is the units digit of 137459?
9
What is the units digit of 13667?
7
What is the ten thousands digit of 11670?
1
What is the thousands digit of 27528?
7
What is the hundreds digit of 13473?
4
What is the units digit of 5555?
5
What is the hundreds digit of 4338?
3
What is the thousands digit of 1383?
1
What is the tens digit of 330?
3
What is the units digit of 10566?
6
What is the tens digit of 50979?
7
What is the tens digit of 842?
4
What is the thousands digit of 19856?
9
What is the hundreds digit of 1220?
2
What is the tens digit of 8336?
3
What is the units digit of 11122?
2
What is the units digit of 31?
1
What is the thousands digit of 6808?
6
What is the thousands digit of 1329?
1
What is the hundreds digit of 7889?
8
What is the ten thousands digit of 162908?
6
What is the tens digit of 676?
7
What is the tens digit of 200?
0
What is the ten thousands digit of 16853?
1
What is the units digit of 485?
5
What is the hundreds digit of 5660?
6
What is the hundreds digit of 61221?
2
What is the units digit of 186770?
0
What is the tens digit of 3803?
0
What is the units digit of 311?
1
What is the hundreds digit of 23957?
9
What is the thousands digit of 1694?
1
What is the units digit of 6368?
8
What is the units digit of 1026?
6
What is the ten thousands digit of 28733?
2
What is the hundreds digit of 5600?
6
What is the hundreds digit of 338?
3
What is the units digit of 200?
0
What is the tens digit of 2501?
0
What is the ten thousands digit of 15556?
1
What is the tens digit of 56?
5
What is the hundreds digit of 18051?
0
What is the thousands digit of 1747?
1
What is the units digit of 1228?
8
What is the tens digit of 187?
8
What is the hundreds digit of 2035?
0
What is the tens digit of 695?
9
What is the thousands digit of 5455?
5
What is the units digit of 5500?
0
What is the thousands digit of 6704?
6
What is the tens digit of 2481?
8
What is the units digit of 2849?
9
What is the hundreds digit of 70672?
6
What is the ten thousands digit of 130971?
3
What is the hundreds digit of 564?
5
What is the tens digit of 325?
2
What is the tens digit of 3414?
1
What is the thousands digit of 4325?
4
What is the thousands digit of 7126?
7
What is the units digit of 211?
1
What is the thousands digit of 23124?
3
What is the units digit of 626?
6
What is the units digit of 7273?
3
What is the thousands digit of 2602?
2
What is the tens digit of 16116?
1
What is the hundreds digit of 1786?
7
What is the tens digit of 6518?
1
What is the thousands digit of 21717?
1
What is the hundreds digit of 4346?
3
What is the hundreds digit of 38875?
8
What is the thousands digit of 7141?
7
What is the units digit of 911?
1
What is the units digit of 3660?
0
What is the hundreds digit of 1103?
1
What is the units digit of 29267?
7
What is the tens digit of 1620?
2
What is the thousands digit of 3187?
3
What is the units digit of 26747?
7
What is the ten thousands digit of 11653?
1
What is the thousands digit of 27938?
7
What is the hundreds digit of 798?
7
What is the units digit of 10427?
7
What is the thousands digit of 12818?
2
What is the units digit of 14222?
2
What is the tens digit of 632?
3
What is the units digit of 2705?
5
What is the tens digit of 10950?
5
What is the thousands digit of 3031?
3
What is the hundreds digit of 4277?
2
What is the units digit of 3641?
1
What is the units digit of 25804?
4
What is the hundreds digit of 282?
2
What is the hundreds digit of 3678?
6
What is the hundreds digit of 5437?
4
What is the units digit of 43249?
9
What is the ten thousands digit of 51012?
5
What is the ten thousands digit of 119335?
1
What is the units digit of 532?
2
What is the units digit of 167?
7
What is the thousands digit of 10163?
0
What is the hundreds digit of 15306?
3
What is the hundreds digit of 34246?
2
What is the hundreds digit of 542?
5
What is the units digit of 11120?
0
What is the hundreds digit of 285?
2
What is the units digit of 348?
8
What is the hundreds digit of 8612?
6
What is the thousands digit of 1230?
1
What is the hundreds digit of 6474?
4
What is the tens digit of 694?
9
What is the hundreds digit of 17584?
5
What is the tens digit of 13379?
7
What is the tens digit of 74531?
3
What is the units digit of 5022?
2
What is the tens digit of 1456?
5
What is the units digit of 89419?
9
What is the hundreds digit of 432?
4
What is the units digit of 2144?
4
What is the units digit of 874?
4
What is the tens digit of 740?
4
What is the thousands digit of 1131?
1
What is the hundreds digit of 404?
4
What is the tens digit of 611?
1
What is the units digit of 5881?
1
What is the tens digit of 5306?
0
What is the units digit of 74?
4
What is the tens digit of 61107?
0
What is the tens digit of 1098?
9
What is the ten thousands digit of 64940?
6
What is the units digit of 41557?
7
What is the hundred thousands digit of 135944?
1
What is the hundreds digit of 6590?
5
What is the hundreds digit of 5145?
1
What is the thousands digit of 1197?
1
What is the ten thousands digit of 43983?
4
What is the tens digit of 507?
0
What is the thousands digit of 17782?
7
What is the units digit of 43596?
6
What is the units digit of 1702?
2
What is the tens digit of 509?
0
What is the thousands digit of 1634?
1
What is the units digit of 5200?
0
What is the thousands digit of 9655?
9
What is the tens digit of 913?
1
What is the tens digit of 6515?
1
What is the thousands digit of 13598?
3
What is the units digit of 4398?
8
What is the hundreds digit of 24821?
8
What is the thousands digit of 38118?
8
What is the tens digit of 4036?
3
What is the thousands digit of 6056?
6
What is the hundreds digit of 523?
5
What is the hundreds digit of 47114?
1
What is the hundreds digit of 1212?
2
What is the hundreds digit of 10879?
8
What is the thousands digit of 3787?
3
What is the tens digit of 817?
1
What is the units digit of 10?
0
What is the tens digit of 104929?
2
What is the thousands digit of 5817?
5
What is the thousands digit of 11925?
1
What is the tens digit of 28082?
8
What is the hundreds digit of 2087?
0
What is the hundreds digit of 4159?
1
What is the ten thousands digit of 147149?
4
What is 